3*p + 31. What is the units digit of p?
0
Suppose 92 + 8 = 4*c. Let o = 110 - 66. Let h = o + c. What is the units digit of h?
9
What is the tens digit of 6/(-2) + 7/((-14)/(-848))?
2
Suppose 0 = w - 491 - 884. What is the hundreds digit of w?
3
Suppose 8*o = 4*o + 20. Suppose -3*j + 5*j + 418 = -2*z, 0 = -o*j + z - 1063. What is the tens digit of j/(-16) - 3/12?
1
Let q(h) = h**3 - 18*h**2 + 16*h + 12. Let b be q(17). Let j = 71 + b. What is the units digit of j?
6
Let w(t) = 37*t**2 - t. Let f(d) = -d**2 + 9*d - 11. Let g be f(5). Let n = g + -10. What is the units digit of w(n)?
8
Suppose 6*x = -3*w + x + 4371, -7285 = -5*w - 4*x. What is the thousands digit of w?
1
Let g(y) = -35*y - 401. What is the units digit of g(-39)?
4
Let t = 4325 - 1928. What is the thousands digit of t?
2
Suppose -31 = -2*p + 23. Suppose -3*s = -7*s + 392. Suppose 0 = c + 2*w - 34, -w + p = 5*c - s. What is the tens digit of c?
2
Let o(d) = d. Let y be o(2). Let l(t) = 3*t - 2. Let j be l(y). Suppose -z = j*z + x - 50, -10 = -z + x. What is the tens digit of z?
1
Suppose 2 = -m, -5*m - 998 = -q + 59. What is the thousands digit of q?
1
What is the hundreds digit of 1610/(1*(-8 - -10))?
8
Let r = 5 - -1. Let g(s) = s**3 - 7*s**2 + 7*s + 3. Let d be g(r). Suppose n + d = -4*x, -30 = -4*n - n + 5*x. What is the units digit of n?
3
Let l be (33/(-6) + 4)*-38. Let x = l + -8. What is the tens digit of x?
4
Suppose 0 = -5*b - 1068 + 3783. What is the hundreds digit of b?
5
Let c(b) = -5*b**2 - 6*b + 3. Let p(h) = -2*h**2 - 2*h + 1. Let i(r) = 3*c(r) - 8*p(r). Let d be i(-5). Suppose 4*m = 8*m - d. What is the units digit of m?
9
Let r be (-2)/(-5) - (-472)/20. Suppose -4*d + r = 4*u, -2*d - 3*u + 4 = -6*d. What is the units digit of d?
2
Let i(u) = u - 2. Let o be (8 - 13)/(-2 + 1). What is the units digit of i(o)?
3
Let l(i) = 101*i**3 + 3*i**2 - 4*i + 13. What is the hundreds digit of l(3)?
7
Suppose 1212*c - 1209*c = 11358. What is the hundreds digit of c?
7
Let t be ((-28)/35)/((-4)/130). Suppose t = -2*h + 72. What is the units digit of h?
3
Suppose -4512 = -34*s + 18*s. What is the hundreds digit of s?
2
Let d(c) = c**3 - 23*c**2 - 2*c + 16. Let g be d(23). What is the units digit of (-765)/g*28/6?
9
Let s = 9043 - 5557. What is the hundreds digit of s?
4
What is the hundreds digit of 1*1/(-1)*100062/(-102)?
9
Let l(y) be the third derivative of y**5/60 + y**4/4 - 3*y**3 - 6*y**2. What is the units digit of l(-10)?
2
Let o(g) = 2 - 5 + 4 + g. Let w(r) = -10*r + 7. Let n(v) = -3*o(v) - w(v). What is the tens digit of n(4)?
1
Suppose -8566 = -11*n + 22685. What is the hundreds digit of n?
8
Suppose -q = 2*a + 9, -2*q - 3*a - 36 = 2*q. Let d = q - 12. Let s = d + 36. What is the units digit of s?
5
Suppose -14301 + 5536 = -5*a. What is the tens digit of a?
5
Suppose 0 = 2*i - 24 + 6. Suppose -2*j + 5*l = -0*j - 16, -i = -j + 3*l. What is the units digit of j/3 - -2 - -3?
6
Suppose 22 + 83 = x. Let k = x - 44. What is the units digit of k?
1
Let s be 74340/245 + (6/(-14) - -1). Let m = s + -79. What is the units digit of m?
5
Let h(s) = 14*s**2 - 3*s - 2. Let w be h(4). What is the tens digit of (32/(-12))/((-4)/w)?
4
Let i be 6 - (3/(-1) + 4). Suppose 0 = 2*n + i - 33. Let h = 17 - n. What is the units digit of h?
3
Let w(k) = 8*k - 39. What is the tens digit of w(15)?
8
Suppose -47*c + 33001 + 3471 = 0. What is the hundreds digit of c?
7
Let h = 1695 + -431. What is the tens digit of h?
6
Suppose -3*j = -2*u - 10, 0 = -0*u + 2*u + 4*j - 18. Let n be u*1/2*-4. Let b = 9 + n. What is the units digit of b?
7
Suppose 0 = 4*i - 0*i. Suppose i = -5*u + 52 + 33. Suppose -2*x + 5 = -u. What is the tens digit of x?
1
Let a(u) = -7*u - 5. Let z be a(-7). Suppose 5*n + z = n + 4*g, g = 5*n + 51. Let t(v) = -v**3 - 8*v**2 + 13*v - 14. What is the tens digit of t(n)?
5
Let o(t) = -t**3 - 2*t**2 + t - 3. Let f be o(-3). Suppose 3*y - z - 80 = 0, f*z - 74 - 22 = -3*y. Let v = 63 - y. What is the units digit of v?
5
Let u(y) = 5*y**2 - 27*y - 199. What is the units digit of u(-8)?
7
Suppose -5*l - 237 = -2*s, 5*l = -26*s + 30*s - 469. What is the hundreds digit of s?
1
Let m(v) = -20*v - 2. Let i be m(-12). Suppose -5*r - 4*s + i = 0, 4*r - 5*s - 212 = -s. What is the units digit of r?
0
Let b(u) = 42*u + 51. What is the units digit of b(7)?
5
Suppose 119*k = 123*k - 12512. What is the units digit of k?
8
Suppose -4*m = -4*a - 7756, 0 = -0*a - a + 3. What is the tens digit of m?
4
Suppose -3*u + 0*u + 9 = 0. Suppose 4*l + 153 - 586 = -u*b, 0 = 4*l + b - 443. Suppose -4*j = -3*z + l, -4*z - 2 = -5*j - 151. What is the units digit of z?
6
Suppose -7*c + 12*c = 7110. What is the units digit of c?
2
Let j be (-2032)/(-56) - (-2)/(-7). Suppose -18 = 3*y + j. Let k = y - -29. What is the units digit of k?
1
Suppose -11*g = -22*g + 4895. What is the hundreds digit of g?
4
Let l(m) = -157*m - 1. Let j be l(-1). Let o be (j/(-14))/((-1)/7). Let x = 123 - o. What is the units digit of x?
5
Let p(g) = -g**3 - 9*g**2 - 3. Let y be p(-9). Let o be (-4)/((-4)/y) + 3. Suppose 3*w - 1 - 35 = o. What is the units digit of w?
2
What is the tens digit of 1/3 - (2976/(-36) - -12)?
7
Let a = 64 - 23. Let v = a - -34. What is the units digit of v?
5
Let k = -28 + 40. Suppose 0 = 5*h + 5*d - 15, 5*h - 4*d - 36 + k = 0. Suppose m = -h*m + 85. What is the tens digit of m?
1
Suppose -5*d = -3*a - 88, -36 = -0*d - d - 4*a. Suppose 0 = 189*u - 195*u + 240. Let r = u - d. What is the units digit of r?
0
Let y = -3 + 397. Suppose -3*i = 4*l - 526, 3*l + 4*i - 2*i - y = 0. What is the units digit of l?
0
Let f(n) = -n**3 + n + 3. Let c be f(0). Let d be (c*10)/((-24)/(-128)). Suppose -5*p + d = -0*p. What is the units digit of p?
2
Suppose -2*q + 14 = 3*h, -5 = 4*h - 5*q + 7. Suppose 0 = p + h*p + 93. Let w = -10 - p. What is the units digit of w?
1
What is the tens digit of -6 + 3*(1 + 69)?
0
Let m be 2/(-4) + 396/24. Let k = m - -19. What is the tens digit of k?
3
Let w(d) = 4 - 6*d - 2 + 0. Let n(q) = -7*q + 2. Let y(b) = 3*n(b) - 4*w(b). What is the tens digit of y(10)?
2
Let g(l) = -2*l - l**3 - 3*l**2 + 0*l**2 - 2*l - 2*l. What is the tens digit of g(-4)?
4
Let v = -12 - -17. Let k(q) be the first derivative of 2*q**3/3 - 3*q**2 - 3*q - 1. What is the units digit of k(v)?
7
Let c(t) = -t**3 + t**2 + t - 1. Let n(s) = 4*s**3 - 11*s**2 + 14*s - 2. Let w(f) = -5*c(f) - n(f). What is the units digit of w(-8)?
1
Suppose 0 = -10*s - 9*s + 24852. What is the thousands digit of s?
1
Let t(l) = 218*l**2 - 10*l + 1. What is the units digit of t(2)?
3
Let q(i) = i**3 + 13*i**2 - 17*i - 19. What is the units digit of q(-13)?
2
Let q(d) = -d**3 - 6*d**2 + 6*d - 7. Let y be q(-7). Let s(n) = -n**3 - n**2 - 2*n + 16. Let v be s(y). Suppose 0*c + c = v. What is the units digit of c?
6
Let o(m) = -24*m + 118. What is the hundreds digit of o(-10)?
3
Suppose -3*s = 3*b - 9484 - 71, b = 2*s - 6361. What is the tens digit of s?
8
Let p = -58 + 69. What is the tens digit of p*(31/7 + (-3)/7)?
4
Let z(t) = 2*t**2 - 11*t + 12. Let p(o) = -o**3 - 7*o**2 + 8*o + 6. Let v be p(-8). What is the tens digit of z(v)?
1
Let u(x) = x + 4. Let p be u(-2). What is the units digit of p/(8/532) + -3?
0
Let q(f) = -3*f - 18. Let c be q(-7). Suppose 4*j - 63 - 377 = -c*p, -720 = -5*p - 4*j. Suppose -4*n = -8*n + p. What is the units digit of n?
5
Suppose 8*w + s - 682 = 4*w, 670 = 4*w - 5*s. What is the hundreds digit of w?
1
Suppose 4*o = 36 + 20. Suppose 18*x + 128 = o*x. What is the tens digit of (-2)/(-8)*-2*x?
1
Suppose 4*n - 3*o - 68 = -o, 5*n - o - 85 = 0. Let d = -15 + n. Suppose 3*y + 4*l - 198 - 15 = 0, -2*y + 140 = d*l. What is the tens digit of y?
6
What is the tens digit of 1912/5 - (-6 + 160/25)?
8
Let f be (1044/20)/(6/40). Let g = f + -73. What is the units digit of g?
5
Let k be 6/18 - 5/(-3). Suppose -3*u - 174 = -2*f, 0 = -2*f + k*u - u + 178. What is the units digit of f?
0
Suppose 0 = -3*n - 0*n + 9. Suppose -4*m + 207 = n*v - m, 0 = -2*m + 8. Suppose -b = -z + 15, -v = -3*z - z - b. What is the units digit of z?
6
Let y(n) = n - 2. Let j be y(4). Suppose -250 = -3*u + j*c, 12 = u + c - 68. What is the tens digit of u?
8
Let s = -89 + 81. Let v = s + 40. What is the tens digit of v?
3
Suppose 0 = -3*s + s + 4. Suppose 